culate the highest common divisor of m and 16.
16
Let l = -9 + 15. Let s be ((-34)/l)/((-2)/6). Suppose j + 140 = 327. What is the highest common factor of s and j?
17
Suppose 0 = 4*f - 5*f - 35. Let t = -25 - f. Calculate the highest common divisor of 110 and t.
10
Let k be (2 + -3)*(0 + 4). Let i be 1/k - 122/(-8). What is the highest common divisor of i and 135?
15
Let m = 8 + 50. Let c(r) = r**2 - 4*r - 7. Let o be c(-5). Let u = m - o. What is the highest common factor of u and 8?
4
Let z(i) = 2*i. Let w be z(7). Calculate the highest common divisor of 35 and w.
7
Let g(n) = -n**3 + n**2 + n - 4. Let c be g(-3). Let b = c + 1. What is the greatest common factor of b and 20?
10
Suppose -3*d - 2*z - 22 = 0, 5*d - 8 + 40 = -z. Let n(u) = u**3 + 7*u**2 + 3*u + 7. Let h be n(d). What is the highest common factor of 50 and h?
25
Let j = 54 + -50. What is the greatest common divisor of 10 and j?
2
Let c = 2 - -3. Suppose -3*r + 0*r = -4*j + 72, j - 2*r - 23 = 0. Calculate the highest common divisor of c and j.
5
Suppose 3*f - 5*v = 145, -2*v - 2*v - 20 = 0. Let c be (2/4)/((-1)/(-10)). What is the greatest common divisor of f and c?
5
Suppose 5*r + o - 133 = 32, -3*r = -4*o - 99. Calculate the highest common divisor of 99 and r.
33
Let c(a) = a**2 - 2*a - 9. Suppose 4*p = t + t - 18, 4*p + 4*t = -48. Let k be c(p). Calculate the highest common factor of 36 and k.
18
Let h(r) = r**3 + 4*r**2 + 2*r + 6. Let b be h(-4). Let u be (1 - b) + 3 + -2. Suppose u*j = 12 + 180. What is the highest common divisor of 8 and j?
8
Let z be (26 - 1) + (-4 - -4). What is the highest common factor of 5 and z?
5
Let m = -26 - -47. Suppose -3*b + 17 = -25. Calculate the highest common divisor of b and m.
7
Let i(o) = 36*o - 16. Let d be i(4). What is the highest common factor of 16 and d?
16
Let m(r) = 3*r**2 - 12*r + 17. Let n be m(7). Calculate the highest common factor of 10 and n.
10
Suppose 88 = 4*f + 2*b, 0 = -2*f + 2*b - 7 + 39. Let s = 116 - 66. Calculate the highest common divisor of f and s.
10
Let b be (-12)/7*(3/(-1) - 4). Calculate the highest common factor of b and 132.
12
Let v(w) = 8*w**2 + 6*w + 10. Let n be v(-7). Suppose -4*a + f + 298 = 3*f, n = 5*a + 5*f. Let u = -17 - -28. Calculate the greatest common factor of u and a.
11
Let r be 351/(-9)*(-2)/6. Let u = 264 + -121. Calculate the highest common divisor of u and r.
13
Let y = 54 + -11. Let n = -30 + y. What is the highest common factor of 39 and n?
13
Let k be (-20)/(-15) - (-2)/3. Suppose k = t, x - 4*t - t + 5 = 0. Calculate the highest common divisor of x and 45.
5
Let h(a) = 34*a + 2. Let l be 3/8*2*-4. Let d be -2 - (6/l - 2). Let p be h(d). What is the greatest common factor of 14 and p?
14
Let l(j) = 8*j**2 + 5*j - 3. Let r be l(1). Calculate the highest common factor of r and 90.
10
Suppose 2 = 6*q - 7*q. Let x = 3 - q. Suppose 75 = -x*o + 350. What is the highest common divisor of o and 22?
11
Suppose 3*h - v - 202 = v, -82 = -h - 3*v. Suppose -g + 2*k = -38, 2*g + 0*k = 2*k + 66. What is the greatest common factor of h and g?
14
Suppose 0 = g - 2*g + 3. Let d be -1*(-13 - 2) - g. Calculate the greatest common factor of d and 24.
12
Let u = 42 + -32. What is the greatest common factor of 30 and u?
10
Let a(h) = 127*h**2 - 1. Let g be a(1). Suppose n + 2*n = 54. Calculate the highest common divisor of g and n.
18
Let y be 2 - (-3 - -1)*1. Let f be 2/(-4) + (-2)/y. Let l be (2/(-4) + f)*-30. What is the greatest common factor of 18 and l?
9
Suppose 41 = 4*p - 103. What is the greatest common divisor of 4 and p?
4
Let m(c) = -c + 2. Let a be m(2). Let d(z) = z**2 - z + 10. Let s be d(a). Suppose g + 2 = 7. What is the highest common factor of s and g?
5
Suppose -4*c - 3*q = -17 + 1, 2*q = 4*c - 16. Suppose 1 + 19 = c*d. What is the greatest common factor of 2 and d?
1
Let s(t) = -4*t**2 + 2*t**2 - 9*t - 4 + t**2 + 2. Let g be s(-6). Let z(c) = -c**3 - c**2 + 128. Let v be z(0). What is the greatest common divisor of g and v?
16
Suppose 0 = j - v - 16, v = 28*j - 25*j - 38. Suppose 2*c = -0*c + 176. What is the highest common factor of j and c?
11
Suppose 2*y = 3*g + 141, -2*g = -3*y + 83 + 121. Let q be (4/(-3))/((-4)/y). What is the greatest common factor of 33 and q?
11
Let h(z) = -z**2 + 8*z - 11. Let j be h(5). What is the highest common divisor of 10 and j?
2
Let p(a) = -4*a - 10. Suppose -j - 17 + 10 = 0. Let d be p(j). Calculate the highest common factor of d and 2.
2
Suppose -a + 7*a - 36 = 0. Suppose -4*h + 5 = 45. Let y be (-24)/h + (-6)/15. What is the greatest common divisor of a and y?
2
Let u(j) = j**3 + 9*j**2 + 7*j - 4. Let a be u(-8). Calculate the greatest common divisor of a and 6.
2
Suppose 36 = -3*u + 336. Let a = 17 + -12. Suppose 0*c - a*c + 50 = 0. Calculate the highest common divisor of c and u.
10
Suppose 3*h = -4*v + 308, 3*h - v = 127 + 156. Calculate the highest common divisor of 12 and h.
12
Let f be 2/(-7) + 9/7. Let w(d) = 3*d**2 - d. Let p be w(-6). Let u be 2/(-9) - p/(-27). What is the greatest common factor of u and f?
1
Let q(x) = 5*x**2 + 2*x + 5. Let f be q(-4). Let i(c) = -c**3 + 4*c**2 + 3*c - 5. Let p be i(4). What is the greatest common divisor of f and p?
7
Let q be (6/(-15))/((-3)/15). Suppose -1 = -h + q*h. Let a = 9 - h. Calculate the highest common divisor of 20 and a.
10
Let h be 27/54*(1 + 0 + 9). Calculate the highest common divisor of 5 and h.
5
Suppose 0 = n - 0 + 4. Suppose -21 = 3*u - 0. Let t = n - u. What is the greatest common factor of 3 and t?
3
Suppose h - 2*n - 82 = 0, 0*n = 4*n + 20. Suppose h = x - 0*x. Suppose -x = -w - w. What is the highest common divisor of w and 24?
12
Suppose 0 = -4*h + 5*w + 3, -2*h = -6*h - 2*w + 38. What is the greatest common divisor of h and 21?
7
Let s(z) = z - 8. Let m be s(9). Let n be (-1 + 2/m)*5. Let q be (-2)/(-3 - (-14)/n). Calculate the highest common factor of q and 30.
10
Let w be ((-65)/(-15) - 4)*72/3. What is the greatest common factor of w and 16?
8
Let u(w) = 2*w**2 - 7*w - 1. Let h be u(7). Suppose 96 = b + 2*b. Calculate the highest common divisor of h and b.
16
Let t = 10 - 6. Suppose 2*m - t*m - 78 = 0. Let l = m - -63. Calculate the highest common factor of l and 36.
12
Let w be -11*(3 + 4*-2). Calculate the highest common divisor of w and 11.
11
Let c(u) = -u**3 + 9*u**2 - 6*u + 3. Let s be c(6). What is the highest common divisor of 30 and s?
15
Suppose 0*g - 8*g + 88 = 0. Calculate the highest common divisor of g and 11.
11
Suppose b + 2*x - 5 = -0*b, 0 = 4*b - 4*x - 44. Calculate the highest common factor of 6 and b.
3
Let b(o) = -2*o + 46. Let m be b(21). What is the highest common divisor of 32 and m?
4
Let g be (280/24)/((-3)/(-9)). What is the highest common divisor of g and 35?
35
Let h(t) = 4*t**2 + 3*t + 14. Let g = 16 + -9. Let x be h(g). Calculate the highest common factor of 33 and x.
33
Let f(z) = z**2 - 2*z - 3. Let o be f(-6). Suppose -4*c = c - o. Calculate the highest common factor of c and 9.
9
Suppose -3*j = 2*k - 297, -151 - 302 = -3*k + 3*j. Suppose 3*v = k - 15. What is the highest common factor of v and 5?
5
Let i(z) = -z**3 - 2*z**2 - 2*z - 9. Let a be i(-3). Calculate the greatest common factor of a and 6.
6
Let d(q) be the first derivative of -3*q**2 - 2*q + 2. Let g be d(-2). What is the greatest common divisor of g and 10?
10
Suppose 5*p - 69 = 2*y + 2, 0 = p + y - 10. What is the greatest common divisor of p and 91?
13
Let q(m) = m**3 - m**2 + 3*m - 2. Let b be q(2). What is the greatest common factor of 40 and b?
8
Let j be -1 - (3 + -1) - -4. Calculate the highest common factor of j and 5.
1
Suppose -6*j + 187 = -773. Calculate the highest common factor of j and 10.
10
Let n(p) = -2*p + 1. Let s be (-6)/(-4)*2 - 5. Let r be n(s). Suppose -4*g + 5*b - 2*b = -103, r*g + 4*b = 90. Calculate the greatest common factor of g and 55.
11
Suppose -6*g + 6 = -4*g. Suppose -3*u - 648 = -3*k, -2*k - 452 = -4*k - g*u. Calculate the highest common factor of 20 and k.
20
Suppose 0 = f - 5*f + 8. Suppose 3*q - 23 = -f. Suppose 3*k + 126 = 5*k. What is the highest common factor of q and k?
7
Suppose 2*n + 25 = x + 7*n, -5*n = -20. What is the highest common divisor of x and 35?
5
Suppose 0 = -6*m - 9 + 33. Suppose 0 = -l + 13 - m. What is the highest comm